ivided by 932.
252
What is the remainder when 9107978 is divided by 1340?
1338
Calculate the remainder when 218160 is divided by 8033.
1269
Calculate the remainder when 537315477 is divided by 98.
97
Calculate the remainder when 28400385 is divided by 3021.
2985
What is the remainder when 4033712 is divided by 30556?
320
Calculate the remainder when 245052 is divided by 27113.
1035
Calculate the remainder when 1122245 is divided by 4562.
4555
What is the remainder when 19966126 is divided by 312?
310
What is the remainder when 53992 is divided by 16707?
3871
Calculate the remainder when 155452732 is divided by 543541.
6
What is the remainder when 3530805 is divided by 162?
15
Calculate the remainder when 14711011 is divided by 27.
7
What is the remainder when 5128630 is divided by 92?
90
What is the remainder when 15602702 is divided by 317?
279
What is the remainder when 522033 is divided by 42?
15
What is the remainder when 389201 is divided by 129535?
596
What is the remainder when 264533 is divided by 132252?
29
What is the remainder when 1568416 is divided by 1627?
1615
Calculate the remainder when 3422629 is divided by 60.
49
What is the remainder when 755884 is divided by 68713?
41
What is the remainder when 29896702 is divided by 6?
4
Calculate the remainder when 336205462 is divided by 6024.
6022
Calculate the remainder when 2896626 is divided by 16939.
57
Calculate the remainder when 4374910 is divided by 25887.
7
What is the remainder when 90102 is divided by 15012?
30
Calculate the remainder when 30002 is divided by 320.
242
Calculate the remainder when 254566 is divided by 2926.
4
Calculate the remainder when 656280 is divided by 10.
0
Calculate the remainder when 3844658 is divided by 8818.
10
What is the remainder when 300068 is divided by 30006?
8
What is the remainder when 159431613 is divided by 24?
21
What is the remainder when 7895294 is divided by 3574?
328
Calculate the remainder when 107362338 is divided by 408.
402
What is the remainder when 74590 is divided by 5160?
2350
Calculate the remainder when 254015 is divided by 2907.
1106
What is the remainder when 20146492 is divided by 177?
175
What is the remainder when 13775894 is divided by 176613?
80
Calculate the remainder when 10397029 is divided by 6791.
8
What is the remainder when 19575558 is divided by 9046?
14
What is the remainder when 1459981 is divided by 121?
116
What is the remainder when 4729070 is divided by 787?
774
What is the remainder when 5397714 is divided by 39?
36
What is the remainder when 3343710 is divided by 1867?
1780
Calculate the remainder when 26801464 is divided by 2233455.
4
What is the remainder when 2076788 is divided by 1851?
1817
What is the remainder when 71962631 is divided by 68?
67
Calculate the remainder when 997325 is divided by 15583.
13
What is the remainder when 938509 is divided by 180?
169
What is the remainder when 159447 is divided by 36?
3
What is the remainder when 263894 is divided by 2030?
2024
What is the remainder when 20833004 is divided by 15?
14
Calculate the remainder when 19389351 is divided by 6463114.
9
What is the remainder when 152878 is divided by 893?
175
Calculate the remainder when 76498 is divided by 3517.
2641
What is the remainder when 601099 is divided by 60086?
239
Calculate the remainder when 2191957 is divided by 6428.
9
What is the remainder when 430124 is divided by 116?
112
Calculate the remainder when 78071789 is divided by 15.
14
Calculate the remainder when 1337985 is divided by 24317.
550
Calculate the remainder when 18422050 is divided by 113.
112
Calculate the remainder when 19241888 is divided by 26.
16
What is the remainder when 2164285 is divided by 19?
14
What is the remainder when 122484 is divided by 13158?
4062
What is the remainder when 4111081 is divided by 4110997?
84
Calculate the remainder when 51032227 is divided by 3385.
3352
Calculate the remainder when 179343077 is divided by 70.
67
What is the remainder when 5329145 is divided by 772?
29
Calculate the remainder when 3587441 is divided by 99.
77
Calculate the remainder when 5178314 is divided by 957.
944
Calculate the remainder when 1759499 is divided by 9562.
91
Calculate the remainder when 101237648 is divided by 63.
50
What is the remainder when 113805 is divided by 7489?
1470
What is the remainder when 62765 is divided by 20809?
338
Calculate the remainder when 1947134 is divided by 3229.
47
What is the remainder when 149317 is divided by 565?
157
Calculate the remainder when 265358 is divided by 4211.
65
What is the remainder when 113535 is divided by 56592?
351
What is the remainder when 303659725 is divided by 33?
28
Calculate the remainder when 234932 is divided by 29193.
1388
Calculate the remainder when 783 is divided by 466.
317
Calculate the remainder when 6036434 is divided by 862317.
215
What is the remainder when 1160364 is divided by 289908?
732
Calculate the remainder when 67064 is divided by 851.
686
Calculate the remainder when 155679 is divided by 51879.
42
Calculate the remainder when 967842 is divided by 212.
62
What is the remainder when 14807 is divided by 1695?
1247
What is the remainder when 55826 is divided by 55747?
79
Calculate the remainder when 8916975 is divided by 174.
171
What is the remainder when 579732 is divided by 579682?
50
Calculate the remainder when 24839140 is divided by 16428.
4
Calculate the remainder when 549352 is divided by 3646.
2452
What is the remainder when 8180642 is divided by 92?
2
Calculate the remainder when 192911 is divided by 911.
690
What is the remainder when 28292177 is divided by 151295?
12
What is the remainder when 1538320 is divided by 133?
42
Calculate the remainder when 240985 is divided by 6693.
37
What is the remainder when 990580 is divided by 330174?
58
What is the remainder when 5896049 is divided by 859?
732
Calculate the remainder when 501853 is divided by 167212.
217
Calculate the remainder when 278134395 is divided by 20.
15
Calculate the remainder when 665763 is divided by 1146.
1083
Calculate the remainder when 2837080 is divided by 5801.
391
Calculate the remainder when 44655932 is divided by 22327948.
36
Calculate the remainder when 661418 is divided by 1179.
1178
Calculate the remainder when 35154 is divided by 186.
0
Calculate the remainder when 13453 is divided by 6271.
911
Calculate the remainder when 27211 is divided by 22842.
4369
Calculate the remainder when 28632 is divided by 28225.
407
What is the remainder when 17305093 is divided by 6744?
6733
Calculate the remainder when 16376099 is divided by 780.
779
Calculate the remainder when 28542133 is divided by 298.
289
What is the remainder when 282673 is divided by 17394?
4369
What is the remainder when 38723 is divided by 7518?
1133
Calculate the remainder when 41421616 is divided by 440.
16
Calculate the remainder when 33100 is divided by 32399.
701
Calculate the remainder when 865060 is divided by 29.
19
Calculate the remainder when 163281 is divided by 14750.
1031
Calculate the remainder when 63736 is divided by 1175.
286
Calculate the remainder when 9743064 is divided by 5213.
5180
What is the remainder when 2280220 is divided by 316?
280
Calculate the remainder when 7334187 is divided by 855.
852
Calculate the remainder when 1025749 is divided by 512874.
1
Calculate the remainder when 170846454 is divided by 141.
138
What is the remainder when 9536666 is divided by 90?
86
What is the remainder when 2186210 is divided by 60?
50
Calculate the remainder when 526339 is divided by 473.
363
Calculate the remainder when 8353 is divided by 379.
15
Calculate the remainder when 1545595 is divided by 3085.
10
What is the remainder when 8065761 is divided by 71378?
47
Calculate the remainder when 16996 is divided by 1484.
672
Calculate the remainder when 6557664 is divided by 23.
19
Calculate the remainder when 2025881 is divided by 2988.
17
Calculate the remainder when 13343475 is divided by 6871.
6864
Calculate the remainder when 2120023 is divided by 706493.
544
What is the remainder when 956326 is divided by 138?
124
What is the remainder when 1598975 is divided by 93?
26
Calculate the remainder when 318085 is divided by 28.
5
Calculate the remainder when 45797 is divided by 3379.
